{"id":1926,"date":"2015-03-25T09:35:18","date_gmt":"2015-03-25T12:35:18","guid":{"rendered":"http:\/\/www.casamuseoeduardofrei.cl\/?page_id=1926"},"modified":"2020-05-26T02:58:23","modified_gmt":"2020-05-26T05:58:23","slug":"lineas-tematicas","status":"publish","type":"page","link":"https:\/\/www.casamuseoeduardofrei.cl\/en\/programa-educativo-casa-museo\/lineas-tematicas\/","title":{"rendered":"L\u00edneas Tem\u00e1ticas"},"content":{"rendered":"<p>El programa educativo de Casa Museo se estructura en torno a diez l\u00edneas tem\u00e1ticas que organizan nuestra acci\u00f3n en cada nivel de ense\u00f1anza.<\/p>\n<p><strong>L\u00edneas tem\u00e1ticas del Programa Educativo de Casa Museo Eduardo Frei Montalva<\/strong><\/p>\n<ul>\n<li>Patrimonio cultural e identidad nacional<\/li>\n<li>Vida cotidiana d\u00e9cada del 60\u2019<\/li>\n<li>Historia pol\u00edtica de Chile<\/li>\n<li>Justicia social y Revoluci\u00f3n en Libertad<\/li>\n<li>Relaciones internacionales y geograf\u00eda pol\u00edtica d\u00e9cada de 1960: Latinoam\u00e9rica y el mundo<\/li>\n<li>Evoluci\u00f3n y diversidad econ\u00f3mica de Chile<\/li>\n<li>Medioambiente y entorno<\/li>\n<li>Institucionalidad pol\u00edtica y divisi\u00f3n administrativa del territorio<\/li>\n<li>Respeto por la diversidad, los derechos de las personas y el sistema democr\u00e1tico<\/li>\n<li>Democracia Cristiana y socialcristianismo<\/li>\n<\/ul>\n<p><\/p>","protected":false},"excerpt":{"rendered":"<p>El programa educativo de Casa Museo se estructura en torno a diez l\u00edneas tem\u00e1ticas que organizan nuestra acci\u00f3n en cada nivel de ense\u00f1anza. L\u00edneas tem\u00e1ticas del Programa Educativo de Casa Museo Eduardo Frei Montalva Patrimonio cultural e identidad nacional Vida cotidiana d\u00e9cada del 60\u2019 Historia pol\u00edtica de Chile Justicia social y Revoluci\u00f3n en Libertad Relaciones [&hellip;]<\/p>\n","protected":false},"author":5,"featured_media":0,"parent":43,"menu_order":0,"comment_status":"open","ping_status":"open","template":"","meta":{"_acf_changed":false,"footnotes":""},"class_list":["post-1926","page","type-page","status-publish","hentry"],"acf":[],"_links":{"self":[{"href":"https:\/\/www.casamuseoeduardofrei.cl\/en\/wp-json\/wp\/v2\/pages\/1926","targetHints":{"allow":["GET"]}}],"collection":[{"href":"https:\/\/www.casamuseoeduardofrei.cl\/en\/wp-json\/wp\/v2\/pages"}],"about":[{"href":"https:\/\/www.casamuseoeduardofrei.cl\/en\/wp-json\/wp\/v2\/types\/page"}],"author":[{"embeddable":true,"href":"https:\/\/www.casamuseoeduardofrei.cl\/en\/wp-json\/wp\/v2\/users\/5"}],"replies":[{"embeddable":true,"href":"https:\/\/www.casamuseoeduardofrei.cl\/en\/wp-json\/wp\/v2\/comments?post=1926"}],"version-history":[{"count":1,"href":"https:\/\/www.casamuseoeduardofrei.cl\/en\/wp-json\/wp\/v2\/pages\/1926\/revisions"}],"predecessor-version":[{"id":14759,"href":"https:\/\/www.casamuseoeduardofrei.cl\/en\/wp-json\/wp\/v2\/pages\/1926\/revisions\/14759"}],"up":[{"embeddable":true,"href":"https:\/\/www.casamuseoeduardofrei.cl\/en\/wp-json\/wp\/v2\/pages\/43"}],"wp:attachment":[{"href":"https:\/\/www.casamuseoeduardofrei.cl\/en\/wp-json\/wp\/v2\/media?parent=1926"}],"curies":[{"name":"wp","href":"https:\/\/api.w.org\/{rel}","templated":true}]}}

Líneas Temáticas

<p>El programa educativo de Casa Museo se estructura en torno a diez líneas temáticas que organizan nuestra acción en cada nivel de enseñanza.</p>
<p><strong>Líneas temáticas del Programa Educativo de Casa Museo Eduardo Frei Montalva</strong></p>
<ul>
<li>Patrimonio cultural e identidad nacional</li>
<li>Vida cotidiana década del 60’</li>
<li>Historia política de Chile</li>
<li>Justicia social y Revolución en Libertad</li>
<li>Relaciones internacionales y geografía política década de 1960: Latinoamérica y el mundo</li>
<li>Evolución y diversidad económica de Chile</li>
<li>Medioambiente y entorno</li>
<li>Institucionalidad política y división administrativa del territorio</li>
<li>Respeto por la diversidad, los derechos de las personas y el sistema democrático</li>
<li>Democracia Cristiana y socialcristianismo</li>
</ul>
<p></p>

<p>El programa educativo de Casa Museo se estructura en torno a diez líneas temáticas que organizan nuestra acción en cada nivel de enseñanza. Líneas temáticas del Programa Educativo de Casa Museo Eduardo Frei Montalva Patrimonio cultural e identidad nacional Vida cotidiana década del 60’ Historia política de Chile Justicia social y Revolución en Libertad Relaciones [&hellip;]</p>
